e 12, what is 9 - 219640?
-219633
In base 12, what is 160963 + 4?
160967
In base 6, what is -1510 - 154?
-2104
In base 8, what is -14646 + 170?
-14456
In base 9, what is 0 + -125133?
-125133
In base 9, what is -55 - 115008?
-115064
In base 4, what is -32123320 - 2?
-32123322
In base 10, what is 81 - 0?
81
In base 11, what is -104771 + -4?
-104775
In base 2, what is 11000 - -1110101110?
1111000110
In base 5, what is 22021032 + -13?
22021014
In base 8, what is 0 - -13061?
13061
In base 11, what is -6662 + -4?
-6666
In base 2, what is 0 - 1011000110111?
-1011000110111
In base 7, what is -1234 - 554?
-2121
In base 2, what is 101010011100101 - 101?
101010011100000
In base 4, what is 310302 - -11?
310313
In base 10, what is -56911 + -6?
-56917
In base 16, what is -8a96 + 5?
-8a91
In base 13, what is c - bb944?
-bb935
In base 8, what is 4 - 3403154?
-3403150
In base 15, what is -2 - 439b?
-439d
In base 4, what is -133322213 + 32?
-133322121
In base 8, what is -65657 + -34?
-65713
In base 4, what is 2 + -1001333123?
-1001333121
In base 9, what is 85 + -3117?
-3022
In base 15, what is -59e - -cb?
-4c3
In base 5, what is 1410 + 2001?
3411
In base 7, what is 53 + -14415?
-14332
In base 16, what is -18b - -a?
-181
In base 13, what is -1c + -b88?
-ba7
In base 8, what is 4 - -123516?
123522
In base 5, what is -44344 + -20?
-44414
In base 11, what is 2035 + -1?
2034
In base 9, what is 104 - 658?
-554
In base 2, what is -11 + -110101110100011000?
-110101110100011011
In base 13, what is 2 + -98bc1?
-98bbc
In base 5, what is 10 + 122213323?
122213333
In base 12, what is -68b1 - 2?
-68b3
In base 6, what is 4 + 2004331?
2004335
In base 11, what is -881 - -7?
-875
In base 3, what is -1111 - 1000010?
-1001121
In base 11, what is -1000 + 732?
-379
In base 12, what is 65 - 11a14?
-1196b
In base 10, what is -24 + 4251?
4227
In base 5, what is 423 - 11200?
-10222
In base 12, what is 0 + 380677?
380677
In base 5, what is 11020122 - 1?
11020121
In base 16, what is a - 9c4?
-9ba
In base 3, what is 2 + -120001101?
-120001022
In base 8, what is 3116241 - 0?
3116241
In base 15, what is 56d + -4?
569
In base 8, what is 2277200 - 2?
2277176
In base 16, what is 110a14 - 5?
110a0f
In base 4, what is 1001033 + 11?
1001110
In base 9, what is -10226 - -27?
-10188
In base 9, what is -16 + 761188?
761172
In base 10, what is -4 - 80504?
-80508
In base 4, what is 332030303 + 11?
332030320
In base 5, what is 1331 - -111133?
113014
In base 8, what is 3 + -37246?
-37243
In base 8, what is 6641 + 0?
6641
In base 12, what is 819 - 577?
262
In base 6, what is -10510 - 12?
-10522
In base 9, what is -1 + -1043424?
-1043425
In base 3, what is -21 - -11220002220?
11220002122
In base 9, what is -153 + 5370?
5216
In base 13, what is -2043 + 42?
-2001
In base 4, what is -10302331 + 13?
-10302312
In base 3, what is -1102011010 + -1020?
-1102012100
In base 10, what is 1 - -11097?
11098
In base 5, what is 4120 + 4022?
13142
In base 13, what is -56a - 45?
-5b2
In base 12, what is -4b + -33?
-82
In base 13, what is a328a + 10?
a329a
In base 2, what is -100101001110010110 - -11?
-100101001110010011
In base 10, what is 22 + 704?
726
In base 14, what is -9180c + -3?
-91811
In base 9, what is 1814 - -171?
2085
In base 5, what is 121102 + -12?
121040
In base 5, what is 1030321 + 0?
1030321
In base 9, what is -45 - -228008?
227853
In base 14, what is -1d5 - 2?
-1d7
In base 11, what is 67362 - 5?
67358
In base 3, what is -1 - 20220102?
-20220110
In base 9, what is 1076516 + 5?
1076522
In base 2, what is 111100011011010 - 11?
111100011010111
In base 10, what is 11352 - -4?
11356
In base 5, what is -312 + -1202?
-2014
In base 16, what is -c7 - 19b8?
-1a7f
In base 7, what is 313 + -4120?
-3504
In base 2, what is -11111000 - -10111000110111?
10110100111111
In base 3, what is 102010 - 10211101?
-10102021
In base 9, what is 18035 - 31?
18004
In base 15, what is -1ae - 9?
-1b8
In base 2, what is -111000 - -1100010?
101010
In base 12, what is -1b59 + 138?
-1a21
In base 10, what is -2410 - -4?
-2406
In base 11, what is -3a41 - 86?
-4017
In base 8, what is -47 + 1420?
1351
In base 16, what is 5d50 + 5?
5d55
In base 14, what is 14 + 2746?
275a
In base 12, what is -2 - -13981b?
139819
In base 5, what is 2 - 13332023?
-13332021
In base 2, what is 11000110 + 1010010010110?
1010101011100
In base 6, what is -12 + 11043?
11031
In base 5, what is -420 - 1230?
-2200
In base 9, what is 107 - 212?
-104
In base 13, what is -925 + -c?
-934
In base 16, what is 2c5 - -1a1?
466
In base 11, what is -10a + 432?
323
In base 7, what is 32213 - -5?
32221
In base 8, what is 114 - 40164?
-40050
In base 14, what is 2bbd + -49?
2b74
In base 4, what is -103 + 220121?
220012
In base 8, what is 1317251 - -2?
1317253
In base 14, what is -10 + -400a?
-401a
In base 12, what is -32b + -bb9?
-1328
In base 5, what is 312421 - 12?
312404
In base 5, what is 232243 + -323?
231420
In base 13, what is 3389 + -14?
3375
In base 4, what is 230122 + 1211?
231333
In base 2, what is 101 + 100001000011000?
100001000011101
In base 2, what is 1010 - 1100101101010?
-1100101100000
In base 8, what is -2 + -11710?
-11712
In base 9, what is -6 - 410477?
-410484
In base 11, what is 8 - -37924?
37931
In base 11, what is 34749 - -8?
34756
In base 10, what is -5 - -2921?
2916
In base 9, what is 1558 + 17?
1576
In base 7, what is -542 + 21204?
20332
In base 9, what is 4354 - -255?
4620
In base 11, what is -6 + 76a2?
7697
In base 10, what is 1 + 11973?
11974
In base 11, what is 31 - 34779?
-34748
In base 7, what is 164 + 6405?
6602
In base 15, what is -308 + 205?
-103
In base 10, what is 360 + 100?
460
In base 12, what is 30aaa + -3?
30aa7
In base 4, what is 103130131 - -1?
103130132
In base 6, what is 2 + 222445?
222451
In base 5, what is -221103333 + -10?
-221103343
In base 2, what is 11 - -110110010100?
110110010111
In base 12, what is 4 + -10083?
-1007b
In base 9, what is -1184 - -132?
-1052
In base 15, what is 150e7 - 0?
150e7
In base 5, what is 210100 - 10?
210040
In base 7, what is 45 - 3323?
-3245
In base 3, what is 21101220210 - -12?
21101220222
In base 8, what is 5 - 44746?
-44741
In base 4, what is 11 + 201213301?
201213312
In base 4, what is 1100221 + 22201?
1123022
In base 3, what is 1210001 + -210020?
222211
In base 10, what is 2 - 10750?
-10748
In base 5, what is -41 - 1002?
-1043
In base 6, what is -1 + 4213033?
4213032
In base 7, what is -2252 - 64?
-2346
In base 8, what is -35514 + -4?
-35520
In base 11, what is -58 + -9607?
-9664
In base 15, what is -54d - -35?
-518
In base 7, what is 252 - -146122?
146404
In base 7, what is 26200 - -1?
26201
In base 10, what is -190851 + 5?
-190846
In base 3, what is -2022111 + -1001?
-2100112
In base 15, what is 23 + 354?
377
In base 11, what is -77 + 8823?
8757
In base 12, what is 21759 - 0?
21759
In base 2, what is -1010101110101000101 + -101?
-1010101110101001010
In base 14, what is -22cb - 15?
-2302
In base 6, what is 351 - 2402?
-2011
In base 14, what is 102 + -149?
-47
In base 11, what is 2193 - 18?
2176
In base 14, what is -13bb1 - 33?
-13c04
In base 4, what is 112223130 - 13?
112223111
In base 11, what is -378 - a2?
-46a
In base 14, what is -2 - -24625?
24623
In base 12, what is -7a708 + -7?
-7a713
In base 12, what is -49b7 - 16?
-4a11
In base 13, what is 7 - 10572?
-10568
In base 13, what is -17483 + b?
-17475
In base 16, what is -2ee5 - -7f?
-2e66
In base 9, what is -1730 - -118?
-1611
In base 12, what is b - 51863?
-51854
In base 8, what is -2037 - 420?
-2457
In base 9, what is 5 + -115441?
-115435
In base 3, what is 20 - -222102102002?
222102102022
In base 9, what is 33333 + 0?
33333
In base 4, what is -21312 - 1232?
-23210
In base 13, what is 2 - -2b9a?
2b9c
In base 4, what is -3133 + 30211?
21012
In base 15, what is 12 - 32b3d?
-32b2b
In base 2, what is 1101011011011 + -111?
1101011010100
In base 9, what is -173178 - 2?
-173181
In base 9, what is -321 - 24?
-345
In base 9, what is 2 - 11317?
-11315
In base 16, what is -4b + -6db?
-726
In base 4, what is -20312002 + 1?
-20312001
In base 13, what is 580a - -4?
5811
In base 9, what is -2486071 + 5?
-2486065
In base 12, what is 5 + -22a6?
-22a1
In base 8, what is 314646 + 4?
314652
In base 11, what is -106 - 590a?
-5a15
In base 2, what is -1010000000111 - -10